Convert 616b (base 16) to base 15.
75c9
Convert 1030133300 (base 4) to base 9.
526722
-17367 (base 13) to base 3
-2021002100
Convert -14ba (base 16) to base 2.
-1010010111010
What is -a8644 (base 13) in base 11?
-198657
1004113 (base 5) to base 8
37436
10011010000010011 (base 2) to base 11
54288
Convert -2b996a8 (base 12) to base 5.
-4240143123
Convert -211222100122 (base 3) to base 8.
-1563220
-5a050 (base 13) to base 7
-1254404
Convert -597901 (base 11) to base 15.
-13aac1
-17005 (base 12) to base 11
-22742
Convert -9691c (base 13) to base 3.
-111210210211
-41103214 (base 5) to base 6
-11035324
Convert 24626502 (base 8) to base 9.
11227418
Convert 1a147 (base 11) to base 13.
ca54
What is -122201210120 (base 3) in base 15?
-6d649
201222200 (base 3) to base 14
544b
121424441 (base 5) to base 10
576871
-12310301 (base 5) to base 9
-201763
What is -426828 (base 11) in base 14?
-13a9dc
What is b0f098 (base 16) in base 6?
1052312504
Convert 7726c5 (base 13) to base 14.
5300cb
Convert -24533364 (base 8) to base 15.
-72125d
What is 1313411202 (base 5) in base 2?
1100011100101101000110
Convert 722645 (base 10) to base 3.
1100201021122
Convert -85855 (base 9) to base 5.
-3304311
-1100011010101101000000 (base 2) to base 8
-14325500
-12222103133 (base 4) to base 2
-110101010010011011111
-e096 (base 16) to base 7
-326423
Convert 189a81b (base 13) to base 4.
132310003230
What is 4045453 (base 6) in base 12?
93889
What is -101100000101101100100000 (base 2) in base 11?
-6584498
What is 4315060 (base 7) in base 6?
15131211
Convert 57444 (base 14) to base 8.
636244
What is -129022 (base 10) in base 5?
-13112042
What is -5641032 (base 9) in base 3?
-12201101001002
What is -1d7ebf (base 16) in base 2?
-111010111111010111111
-46164704 (base 8) to base 5
-10031140231
Convert -688126 (base 9) to base 14.
-aa59d
What is 313a4b (base 14) in base 5?
411142042
What is -111001010001110100011111 (base 2) in base 11?
-8526161
-3712655 (base 9) to base 7
-23065124
Convert -1d84a (base 14) to base 6.
-1342322
1100010111001101 (base 2) to base 10
50637
What is 5a297 (base 14) in base 7?
1604350
Convert 121100210021 (base 3) to base 10.
322063
-2b7e (base 15) to base 11
-7025
What is -4505473 (base 9) in base 8?
-11200324
Convert 15850286 (base 9) to base 2.
11110010011110110001011
What is -10111100100001100 (base 2) in base 10?
-96524
-7646505 (base 8) to base 15
-2a7c4c
1bc021 (base 15) to base 8
5131755
31a50 (base 13) to base 16
15e23
20002101020 (base 3) to base 5
12313312
Convert -211101003 (base 5) to base 13.
-24999c
33246052 (base 7) to base 6
141253521
1414351 (base 6) to base 14
21267
What is 36642265 (base 7) in base 2?
1100100010101011111000
343414 (base 12) to base 13
233215
Convert 9b09 (base 13) to base 3.
1002200112
Convert 3441213 (base 7) to base 15.
87720
-866731 (base 10) to base 16
-d39ab
What is -21101212202 (base 3) in base 13?
-51428
Convert -98aa16 (base 11) to base 16.
-182044
-188ba83 (base 12) to base 6
-302355043
133112132 (base 4) to base 9
215132
Convert -a1ff96 (base 16) to base 12.
-367bb32
-31121031233 (base 4) to base 15
-49551b
-288ca2 (base 16) to base 13
-720768
Convert -5897 (base 15) to base 7.
-105601
11010120021 (base 3) to base 13
2b033
What is -5532150 (base 7) in base 12?
-2897b9
Convert -11741 (base 13) to base 11.
-22046
Convert -10000101100001100110 (base 2) to base 14.
-103458
Convert -301305 (base 12) to base 9.
-1360865
What is 3da70 (base 16) in base 2?
111101101001110000
-34a31 (base 13) to base 12
-47809
Convert -121214444 (base 5) to base 11.
-35a281
-b0b5 (base 12) to base 3
-222021002
13340443 (base 5) to base 2
100001011100100110
Convert 6dc4b (base 16) to base 4.
1231301023
What is 102304233 (base 5) in base 10?
431818
What is -3210610 (base 8) in base 13?
-23caa3
Convert 5f958 (base 16) to base 10.
391512
Convert 2050115 (base 10) to base 14.
3b51ab
What is -165372 (base 14) in base 3?
-1110202200221
What is 13486 (base 12) in base 9?
40433
Convert 5a792 (base 11) to base 5.
10244323
Convert 1616113 (base 7) to base 2.
110110011100100001
-192446 (base 12) to base 7
-3510315
What is -1123223230 (base 4) in base 13?
-101c11
What is -55a7 (base 13) in base 3?
-121102020
What is -1000000010000111001111 (base 2) in base 12?
-85677b
What is 21577 (base 16) in base 7?
1106104
What is -11100101000101010011011 (base 2) in base 12?
-262010b
What is -556301 (base 7) in base 13?
-35945
4153704 (base 8) to base 7
12245053
Convert 11eeb6 (base 15) to base 6.
30240043
What is 5250769 (base 12) in base 4?
323100011001
Convert 20320130111 (base 4) to base 2.
1000111000011100010101
What is -30254343 (base 6) in base 15?
-1209c9
Convert -11010100011011110100 (base 2) to base 13.
-246093
What is 1442403012 (base 5) in base 15?
517507
-14512022 (base 8) to base 6
-155013510
4430403 (base 5) to base 12
3866a
Convert 3500344 (base 8) to base 6.
32212244
What is -15809 (base 12) in base 3?
-1112220000
231000321 (base 5) to base 12
418a08
Convert -130211320 (base 4) to base 13.
-413c8
-13037 (base 9) to base 15
-2907
Convert 161521 (base 8) to base 15.
12398
What is 1701252 (base 8) in base 12?
1b8a0a
What is 44301242 (base 5) in base 14?
a0216
1230052 (base 10) to base 13
340b55
Convert 110111011100011100000 (base 2) to base 11.
1030a97
Convert -1599aa (base 14) to base 16.
-b8b22
What is -85514 (base 12) in base 14?
-47c2c
Convert -1220556 (base 8) to base 14.
-8a770
What is 10323311 (base 5) in base 11?
61027
What is -220100221 (base 4) in base 15?
-33cda
-4020451 (base 6) to base 16
-2e3cf
Convert -39065a0 (base 12) to base 3.
-210002110101010
dcb6 (base 14) to base 12
1a120
20003213 (base 5) to base 4
212100023
-303133130 (base 4) to base 12
-a2078
Convert 8079 (base 16) to base 13.
11c7c
Convert 20000202210212 (base 3) to base 2.
1100001110001011101000
-327501 (base 8) to base 14
-2c33b
Convert 10010001000010001 (base 2) to base 13.
27a51
Convert -1268641 (base 9) to base 13.
-1b45c7
What is -11302565 (base 7) in base 13?
-289a42
What is 213001123312 (base 4) in base 14?
1503d42
Convert 36551 (base 14) to base 7.
1062031
Convert ca0066 (base 14) to base 3.
110212102011101
-1f2db (base 16) to base 11
-87a48
-8bc24 (base 13) to base 9
-427354
What is -452aa (base 12) in base 16?
-16762
What is 85697c (base 15) in base 6?
344040313
Convert 256227 (base 8) to base 2.
10101110010010111
-5c3330 (base 13) to base 6
-115142302
What is 2870e (base 15) in base 4?
133230233
2413303 (base 6) to base 9
212433
What is b0757 (base 15) in base 6?
15545444
Convert 136432246 (base 7) to base 14.
12a9ccd
What is 32195b (base 14) in base 5?
413214033
Convert -457401 (base 15) to base 7.
-40115110
Convert -1034135 (base 6) to base 14.
-14a83
Convert 20212002012220 (base 3) to base 10.
3642972
Convert -131543315 (base 6) to base 10.
-2610911
Convert 13221302 (base 5) to base 14.
3650a
81703 (base 10) to base 3
11011002001
Convert -47c1ab (base 16) to base 15.
-62d590
What is 1142514544 (base 6) in base 9?
26431521
What is 211414164 (base 7) in base 3?
212121012020110
720360 (base 8) to base 9
402181
Convert 220285 (base 12) to base 8.
2035605
Convert 5425475 (base 8) to base 9.
2653850
-10211110212 (base 3) to base 10
-75434
-44c4c3 (base 16) to base 6
-240332523
What is -20864263 (base 9) in base 8?
-46351077
What is 3425099 (base 10) in base 9?
6400315
1462573 (base 9) to base 15
10ea3c
204611 (base 15) to base 13
419086
-266345 (base 9) to base 5
-20141442
-48110d (base 15) to base 3
-20111002011211
202011222002101 (base 3) to base 9
22158071
What is 24db29 (base 16) in base 12?
985975
54c11 (base 15) to base 3
111200110121
Convert 2040341 (base 5) to base 16.
8436
-63441 (base 9) to base 3
-2010111101
What is 1022102212022200 (base 3) in base 6?
1511402113
-5613833 (base 9) to base 7
-34451235
What is 36c93c (base 13) in base 11?
817681
Convert -96875a (base 13) to base 8.
-15362075
2334250 (base 7) to base 12
122477
-91d9a (base 16) to base 5
-123104102
Convert -55615611 (base 7) to base 6.
-251042100
What is 2102110111201 (base 3) in base 10?
1288513
Convert -12061643 (base 8) to base 3.
-11222110221002
385d7 (base 15) to base 8
537752
Convert -15729 (base 10) to base 14.
-5a37
Convert 174711 (base 8) to base 12.
31009
Convert 2630c3 (base 13) 